*3 + 8*k**2 + 12*k - 1. Let r = -25 - -34. What are the prime factors of o(r)?
2, 13
Let w = -451 - -557. List the prime factors of w.
2, 53
Let z = 5418 + -2953. What are the prime factors of z?
5, 17, 29
Let n = 1034 + -208. List the prime factors of n.
2, 7, 59
Let b = -406 + 920. List the prime factors of b.
2, 257
Suppose 0*g - 4*g + 1800 = -4*x, 2*g - x - 899 = 0. List the prime factors of g.
449
Suppose -3*h - 10 = -22. Suppose h*u = 141 + 159. List the prime factors of u.
3, 5
Let u = -4624 + 7740. List the prime factors of u.
2, 19, 41
Suppose -6*o - 16599 = -39*o. List the prime factors of o.
503
Suppose 5*u = 3*p + 549 + 626, 2*p - 10 = 0. Suppose -2*x = 5*x - u. List the prime factors of x.
2, 17
Let s be 2 - 15/(-2 - 3). Let o be (92/2)/(3 + -1). Let x = o + s. What are the prime factors of x?
2, 7
Let c(l) = -l**3 + 11*l**2 + 12*l + 41. List the prime factors of c(9).
311
Let c = 8 - 15. Let x(g) = -9*g + 6. Let d(r) = 8*r - 5. Let j(m) = -6*d(m) - 5*x(m). List the prime factors of j(c).
3, 7
Let c = 2045 + -1349. What are the prime factors of c?
2, 3, 29
Suppose 5*q + 4*i = 1665, -20*q + 16*q - 2*i + 1338 = 0. What are the prime factors of q?
337
Let d(g) = -8*g - 7. Let t be d(-4). Let f = -17 + t. What are the prime factors of f?
2
Let v(i) = 35*i**2 + 13*i + 32. What are the prime factors of v(8)?
2, 3, 11
Let b(v) = v**3 - 5*v**2 - 4*v + 5. Let j be b(6). Suppose j = 5*h + 7. List the prime factors of 6*(h - 2/(-4)).
3, 5
Suppose 0 - 4 = 4*p. Let t = -6 + p. Let z(u) = u**2 + 4*u - 10. List the prime factors of z(t).
11
Let l(f) = 0*f**2 - 4 - 5*f**2 - f + 4*f + 6*f**2. List the prime factors of l(7).
2, 3, 11
List the prime factors of ((8 + -2)/(-2))/((-69)/9154).
2, 199
Let r(f) = -f**3 - 13*f**2 + 15*f + 18. Let m be r(-14). Suppose m*b - 2*b = 122. What are the prime factors of b?
61
Let w = 1322 - 390. List the prime factors of w.
2, 233
Let n(u) be the second derivative of 0 - u**2 - 6*u - 1/6*u**3. List the prime factors of n(-15).
13
Suppose 213 = 3*x - 294. List the prime factors of x/9 + 4/18.
19
Let l = 509 - 359. Suppose 6*x - 3*x - l = 0. Suppose -w = w - x. List the prime factors of w.
5
Suppose 0 = 3*g - 12. Let r be -6 - (0 + -3) - -5. Suppose -p - y + 9 = 0, p - g*y - r = 7. List the prime factors of p.
3
Let w be (-1 - -6)*8/10. Suppose -3*g = w*d - 85, 17 = d + 5*g - 0. Suppose 4*k - d = 126. What are the prime factors of k?
37
Suppose 2*j = -188 - 82. Let c = j + 194. List the prime factors of c.
59
Suppose 3*q - b = -q + 33, -3*q + 31 = -2*b. Suppose -q - 9 = -4*g. What are the prime factors of -1*(-10 + g/(-4))?
11
What are the prime factors of 1494/(-4)*(-2112)/198?
2, 3, 83
Suppose -3*r - 499 = -4*r - 3*d, 2*r - d - 991 = 0. What are the prime factors of r?
2, 31
Let k(q) = 5*q**2 + 12*q + 10. What are the prime factors of k(-7)?
3, 19
What are the prime factors of 1073 - (-1 - 2) - (8 + -3)?
3, 7, 17
Let m = 801 + -689. List the prime factors of m.
2, 7
Suppose -28*r = -18739 - 3157. What are the prime factors of r?
2, 17, 23
Let o(t) be the third derivative of -t**5/60 + t**4/4 - 3*t**3/2 - 7*t**2. Let j be o(4). What are the prime factors of (8*-1)/(j + 0)?
2
Let x = 4534 - 1449. What are the prime factors of x?
5, 617
Let z = -1 - -22. Let m = 18 - z. List the prime factors of 3/(m/80*-2).
2, 5
Suppose -11*w = -6*w - 10. Suppose -2*q - 490 = -7*q - w*n, -5*q + 2*n = -470. List the prime factors of q.
2, 3
Suppose -3*c - 11*c = -6566. List the prime factors of c.
7, 67
Let f(j) = 89*j**2. Let q be f(-1). Let w = q + -36. What are the prime factors of w?
53
Suppose 0 = -2*r - 87 + 227. List the prime factors of r.
2, 5, 7
Suppose 10*x - 9*x = -728. Let g = -492 - x. List the prime factors of g.
2, 59
Suppose -b - b = -52. Suppose -6 = -4*r + b. Let i = 4 + r. List the prime factors of i.
2, 3
Let s be ((-145)/5)/((-2)/4). Suppose p = -5*m - 16, 0 = -2*p + 2*m + m - s. Let f = p - -40. What are the prime factors of f?
2, 7
Let t = 2 - 0. Suppose -n = t*w + w - 28, -2*n - 4*w = -50. Suppose -n - 5 = -4*s. What are the prime factors of s?
2, 3
Let f(i) = -5*i**2 - 10 + 11*i - i**3 - 15*i + 2*i. Let q be f(-5). Suppose q = -2*w + 4*w - 74. What are the prime factors of w?
37
Let m = -34 + 30. What are the prime factors of m/2 + 3 + 36?
37
Let j = -824 + 1774. What are the prime factors of j?
2, 5, 19
Suppose -1814 - 4479 = -7*g. List the prime factors of g.
29, 31
Let x(z) = -3 - 5*z - 3*z + 1 + 2*z. Let y be x(-1). Suppose -5*v = -y*w - 81, 114 - 25 = 5*v + 4*w. What are the prime factors of v?
17
Let b(w) = -w**3 + 8*w**2 - 7*w - 3. Let n be b(7). What are the prime factors of n - -6 - (-104)/4?
29
Let v = 60 + -110. Let q = v - -113. List the prime factors of q.
3, 7
List the prime factors of 1/1 + 7 - -1925.
1933
Let a = 223 + 881. List the prime factors of a.
2, 3, 23
Suppose -93*n - 4620 = -100*n. What are the prime factors of n?
2, 3, 5, 11
Suppose 0 = -12*l + 5741 + 10951. List the prime factors of l.
13, 107
List the prime factors of ((-7)/(63/402))/((-6)/9).
67
List the prime factors of (103 - 2)/(6/78).
13, 101
Suppose 4*l - 52 = -0*l. Suppose 5*m = 0, 2*m = -3*s + 2 + l. Suppose s*g - 27 - 28 = 0. List the prime factors of g.
11
Let j = 1285 + -181. List the prime factors of j.
2, 3, 23
Suppose 4*b = 16, 5*p + 4 - 80 = b. Suppose 0 = s - 2 - 5. Let q = p - s. What are the prime factors of q?
3
Suppose -7*y = -13*y + 1782. Let m = -144 + y. List the prime factors of m.
3, 17
Suppose 759 = c - 4*f, 5*f + 2159 = 4*c - 866. List the prime factors of c.
5, 151
Suppose 2*b = 3*r + 1795, 2*r + 3 = -r. What are the prime factors of b?
2, 7
Let v = -74 - -78. Let l(s) = 3*s**2 + 2*s - 11. What are the prime factors of l(v)?
3, 5
Suppose 0 = 2*r - 292 - 204. List the prime factors of r.
2, 31
Let y(h) = h**2 + 8*h - 2. Let z be y(-9). Suppose -n = 5, -n - z = -4*l + 14. Suppose 6*r = 5*r + l. What are the prime factors of r?
2
List the prime factors of 6/15*(-23070)/(-12).
769
Suppose -120 = -8*j - 0*j. Let u(o) = -o**2 + 19*o + 1. List the prime factors of u(j).
61
Suppose -3*m + 3664 = -2*s + 3*s, m - 4*s - 1204 = 0. What are the prime factors of m?
2, 5, 61
Let g(y) = -y**3 - 17*y**2 - y - 15. Let n be g(-17). Suppose -n*b + 49 - 2 = 5*h, 0 = 3*b - 5*h - 8. Suppose 9*k = b*k - 60. List the prime factors of k.
2, 3, 5
Suppose -276 = -2*h + 4*s, -3*h + 355 = -3*s - 56. Suppose -2*g - t + h - 2 = 0, -3*t - 192 = -3*g. What are the prime factors of g?
2, 3, 11
Suppose 13*s - 10*s - 88 = 4*k, -2*k = s - 26. List the prime factors of s.
2, 7
Suppose 281*s - 276*s - 1830 = 0. List the prime factors of s.
2, 3, 61
Let f(c) = 11*c. Let q be f(-2). Let w = q + 38. What are the prime factors of (5 + -2)*w/12?
2
Let z(i) = i**2 + 4*i + 4. Let d be z(-4). Suppose t - 5 = -d*t. List the prime factors of (3/t)/(3/18).
2, 3
Suppose 0 = -6*q + 5 + 19. Suppose 0 = h + q*h + 2*b - 878, -5*h = -5*b - 885. What are the prime factors of h?
2, 11
List the prime factors of 27576/84 + 4/(-14).
2, 41
Let d = -85 + 538. What are the prime factors of d?
3, 151
Let m be (-1)/(3162/(-792) + 4). Let c = m - -304. What are the prime factors of c?
2, 43
Let m be 2*(-8)/(-20) - 255/(-25). Suppose 2*z = -2*x + 106, 4*x + 2*z = 203 + m. What are the prime factors of x?
2, 3
Suppose -171*q + 79415 = -136*q. What are the prime factors of q?
2269
Let f be 6/6*(-7 - 0). Let n = f + 9. Suppose -26 + 78 = n*t. List the prime factors of t.
2, 13
Suppose 4*o + 833 = 5*m - 280, 0 = -2*o + 2*m - 558. Let l = -143 - o. List the prime factors of l.
139
Suppose -d + 137 = -85. List the prime factors of d.
2, 3, 37
Let y be (58/1)/((-3)/(-6)). Let o be 1 + (-11)/((-77)/28). Suppose 7*l - y = o*l. List the prime factors of l.
2, 29
Let y(m) = 591*m + 2. What are the prime factors of y(2)?
2, 37
Suppose 30 = -2*l - 38. Let d be l/(-6) + (-4)/6. What are the prime factors of (-2)/10 + 21/d?
2
Let r = -12 + 12. Suppose -f = -r*f - 95. What are the prime factors of f?
5, 19
Let f be (-5)/20 + (-3089)/(-4). Suppose -1153 = 5*g + f. List the prime factors of g/(-7) + -2 + -2.
3, 17
Suppose 17*k - 22*k - 5*z + 13355 = 0, -k = -4*z - 2686. What are the prime factors of k?
2, 7, 191
Suppose -11 = 2*x - 31. Suppose -48 = -x*d + 8*d. What are the prime f